8
24 (base 8) to base 10
20
Convert -121 (base 6) to base 15.
-34
What is -6 (base 14) in base 2?
-110
What is -1d (base 14) in base 6?
-43
What is -1 (base 15) in base 12?
-1
-41 (base 11) to base 12
-39
2 (base 13) to base 6
2
-101 (base 2) to base 13
-5
-26 (base 13) to base 12
-28
-21 (base 6) to base 4
-31
Convert -3 (base 16) to base 14.
-3
350 (base 11) to base 2
110100010
5 (base 16) to base 15
5
Convert 15 (base 6) to base 16.
b
-1001 (base 2) to base 15
-9
Convert 6 (base 15) to base 8.
6
What is -1 (base 11) in base 13?
-1
5 (base 16) to base 3
12
What is 202 (base 3) in base 5?
40
-2a (base 15) to base 16
-28
What is 0 (base 5) in base 13?
0
-4 (base 7) to base 2
-100
-4 (base 15) to base 3
-11
What is 2e (base 15) in base 8?
54
Convert -13 (base 5) to base 11.
-8
What is 1111 (base 2) in base 14?
11
Convert 6 (base 15) to base 12.
6
21 (base 6) to base 16
d
Convert -94 (base 15) to base 3.
-12011
What is 110 (base 4) in base 2?
10100
What is -8b (base 12) in base 10?
-107
-101 (base 3) to base 16
-a
What is -4e (base 15) in base 2?
-1001010
-422 (base 7) to base 16
-d4
Convert -13 (base 4) to base 15.
-7
What is -321 (base 5) in base 6?
-222
Convert -104 (base 6) to base 7.
-55
2 (base 3) to base 12
2
-45 (base 8) to base 13
-2b
-12 (base 12) to base 13
-11
12 (base 10) to base 4
30
-20 (base 13) to base 9
-28
What is -23 (base 10) in base 9?
-25
What is 3 (base 8) in base 11?
3
What is 3 (base 4) in base 9?
3
What is 115 (base 9) in base 8?
137
-3 (base 5) to base 6
-3
236 (base 8) to base 3
12212
What is -100 (base 2) in base 10?
-4
-33 (base 4) to base 13
-12
Convert -44 (base 16) to base 4.
-1010
What is 0 (base 2) in base 5?
0
Convert 10 (base 2) to base 10.
2
-10 (base 3) to base 10
-3
Convert 3 (base 13) to base 4.
3
What is -3 (base 16) in base 11?
-3
Convert 3 (base 9) to base 10.
3
What is 3 (base 14) in base 2?
11
What is 5 (base 7) in base 16?
5
Convert -44 (base 11) to base 7.
-66
What is -12 (base 3) in base 15?
-5
What is -20 (base 12) in base 16?
-18
What is -42 (base 7) in base 3?
-1010
What is -b (base 14) in base 16?
-b
What is 1011 (base 3) in base 11?
29
Convert 11 (base 3) to base 14.
4
Convert 2 (base 14) to base 10.
2
Convert -122 (base 3) to base 9.
-18
1a (base 12) to base 4
112
Convert 10220 (base 3) to base 16.
69
-5 (base 8) to base 2
-101
-4 (base 16) to base 4
-10
4 (base 7) to base 13
4
Convert -1a (base 15) to base 5.
-100
What is -1 (base 7) in base 5?
-1
1 (base 3) to base 5
1
Convert -101 (base 3) to base 2.
-1010
Convert -15 (base 10) to base 16.
-f
-5 (base 10) to base 3
-12
-6 (base 16) to base 8
-6
What is 2 (base 16) in base 15?
2
What is 3100 (base 4) in base 10?
208
1010111 (base 2) to base 6
223
-76 (base 12) to base 15
-60
Convert 152 (base 6) to base 10.
68
-13 (base 4) to base 3
-21
Convert 138 (base 10) to base 5.
1023
What is -1a (base 14) in base 15?
-19
102 (base 4) to base 12
16
Convert 2 (base 14) to base 4.
2
What is 20 (base 16) in base 14?
24
-86 (base 14) to base 9
-141
What is 53 (base 7) in base 5?
123
Convert -20 (base 5) to base 9.
-11
-54 (base 10) to base 11
-4a
3 (base 13) to base 3
10
What is 5 (base 14) in base 15?
5
Convert -110000 (base 2) to base 16.
-30
What is 0 (base 11) in base 8?
0
0 (base 14) to base 15
0
What is 2 (base 9) in base 7?
2
-268 (base 13) to base 4
-12220
-77 (base 11) to base 13
-66
Convert 0 (base 8) to base 2.
0
What is 0 (base 10) in base 12?
0
What is -a (base 14) in base 6?
-14
-30 (base 7) to base 4
-111
What is 3 (base 7) in base 8?
3
Convert -120 (base 6) to base 7.
-66
Convert -40 (base 6) to base 4.
-120
What is 7 (base 10) in base 2?
111
What is -3230 (base 4) in base 2?
-11101100
What is -33 (base 15) in base 2?
-110000
What is 31 (base 14) in base 16?
2b
What is 11100 (base 3) in base 4?
1311
What is 10 (base 16) in base 12?
14
8 (base 15) to base 11
8
What is -43 (base 8) in base 14?
-27
-9c (base 15) to base 3
-12110
What is 4 (base 7) in base 16?
4
What is 242 (base 6) in base 15?
68
Convert 15 (base 12) to base 5.
32
-2 (base 5) to base 6
-2
What is 44 (base 9) in base 14?
2c
-4 (base 9) to base 3
-11
What is 4 (base 15) in base 16?
4
What is -12 (base 10) in base 16?
-c
Convert 96 (base 16) to base 6.
410
Convert 41 (base 7) to base 10.
29
b (base 16) to base 2
1011
What is 13 (base 6) in base 9?
10
What is 56 (base 16) in base 13?
68
-7 (base 15) to base 11
-7
What is -2 (base 8) in base 10?
-2
4 (base 8) to base 13
4
What is -78 (base 13) in base 10?
-99
-2 (base 12) to base 8
-2
What is 60 (base 8) in base 9?
53
Convert -3 (base 14) to base 9.
-3
What is 0 (base 11) in base 10?
0
Convert -211 (base 3) to base 8.
-26
-f (base 16) to base 7
-21
10 (base 4) to base 5
4
What is 2100 (base 4) in base 8?
220
What is 40 (base 5) in base 12?
18
What is -210 (base 3) in base 16?
-15
What is 2 (base 9) in base 14?
2
Convert -16 (base 14) to base 12.
-18
-1 (base 9) to base 16
-1
Convert -1d (base 14) to base 12.
-23
Convert 9 (base 15) to base 14.
9
1101 (base 2) to base 4
31
Convert 112 (base 6) to base 4.
230
-9 (base 15) to base 2
-1001
What is 5 (base 8) in base 5?
10
30 (base 11) to base 13
27
What is -40 (base 7) in base 4?
-130
1001110 (base 2) to base 13
60
What is 203 (base 4) in base 13?
29
-137 (base 15) to base 3
-101021
206 (base 7) to base 8
150
What is -12 (base 4) in base 3?
-20
What is 1 (base 6) in base 15?
1
6f (base 16) to base 5
421
What is -1c (base 14) in base 15?
-1b
-10 (base 6) to base 11
-6
What is -525 (base 6) in base 10?
-197
19 (base 14) to base 15
18
-3 (base 6) to base 12
-3
-26 (base 9) to base 2
-11000
What is 436 (base 8) in base 4?
10132
-1a (base 11) to base 15
-16
What is 3b (base 12) in base 6?
115
What is -3031 (base 4) in base 5?
-1310
Convert -122 (base 5) to base 16.
-25
What is -11 (base 11) in base 16?
-c
What is -1 (base 6) in base 16?
-1
What is 4b (base 14) in base 3?
2111
1004 (base 5) to base 7
243
Convert 5 (base 15) to base 5.
10
30 (base 6) to base 2
10010
What is -103 (base 11) in base 12?
-a4
-336 (base 7) to base 2
-10101110
Convert 16 (base 7) to base 8.
15
What is -101101 (base 2) in base 16?
-2d
What is 11 (base 14) in base 16?
f
Convert 3 (base 13) to base 5.
3
Convert 101 (base 8) to base 13.
50
Convert 1000 (base 3) to base 14.
1d
Convert 244 (base 5) to base 4.
1022
Convert 34 (base 16) to base 3.
1221
Convert -58 (base 10) to base 11.
-53
-4 (base 9) to base 15
-4
What is 1 (base 8) in base 4?
1
What is -6 (base 12) in base 13?
-6
Convert -83 (base 11) to base 9.
-111
What is 141 (base 6) in base 14?
45
56 (base 14) to base 6
204
Convert 100110111 (base 2) to base 5.
2221
Convert 16 (base 7) to base 13.
10
What is -5 (base 10) in base 11?
-5
3 (base 15) to base 6
3
-76 (base 9) to base 10
-69
What is 4 (base 9) in base 6?
4
-301 (base 6) to base 8
-155
Convert -8 (base 12) to base 11.
-8
Convert -80 (base 9) to base 6.
-200
What is -4b (base 12) in base 8?
-73
Convert -1 (base 4) to base 9.
-1
1c (base 15) to base 11
25
What is -56 (base 16) in base 5?
-321
What is 4 (base 11) in base 16?
4
Convert -a (base 13) to base 4.
-22
What is -20 (base 3) in base 2?
-110
What is -42 (base 7) in base 6?
-50
What is 116 (base 7) in base 6?
142
Convert 13 (base 15) to base 10.
18
What is -4 (base 16) in base 8?
-4
What is -2 (base 4) in base 13?
-2
Convert 4 (base 5) to base 12.
4
What is 11 (base 5) in base 11?
6
Convert -3 (base 13) to base 10.
-3
-2 (base 4) to base 7
-2
7 (base 15) to base 7
10
What is 0 (base 4) in base 15?
0
-37 (base 10) to base 13
-2b
Convert -100100 (base 2) to base 16.
-24
Convert -10 (base 3) to base 5.
-3
Convert -3 (base 12) to base 4.
-3
What is -36 (base 16) in base 12?
-46
Convert 7 (base 12) to base 5.
12
Convert -10100 (base 2) to base 6.
-32
Convert 213 (base 4) to base 11.
36
Convert 27 (base 8) to base 13.
1a
-2 (base 10) to base 9
-2
-11000110 (base 2) to base 12
-146
Convert 100011111 (base 2) to base 14.
167
What is 3 (base 5) in base 3?
10
Convert -7 (base 8) to base 11.
-7
What is 101001 (base 2) in base 10?
41
8a (base 13) to base 11
a4
What is 355 (base 6) in base 2?
10001111
Convert 1001 (base 2) to base 9.
10
-5 (base 14) to base 5
-10
What is 100 (base 2) in base 12?
4
4 (base 6) to base 16
4
0 (base 6) to base 3
0
2 (base 7) to